931. Calculate x(7).
8
Let f(r) = r**3 - r**2 + 23*r - 1. Determine f(0).
-1
Let d(h) = h**3 + 6*h**2 - 20*h + 10. Calculate d(-7).
101
Let c(j) = j**3 - 9*j**2 - 43*j + 83. What is c(12)?
-1
Let s(y) = -2*y**3 + 35*y**2 + 14*y + 28. Give s(18).
-44
Let p(z) = -z**3 - 17*z**2 + 5*z + 100. Calculate p(-7).
-425
Let u(f) = f**3 - 16*f**2 + 36*f - 17. Determine u(14).
95
Let r(n) = -45*n**2 - 125*n + 229. Determine r(-4).
9
Let g(t) = 2*t**2 + 117*t + 603. Calculate g(-53).
20
Let y(o) = -o**2 - 10*o + 43. Calculate y(-6).
67
Let k(p) = 47*p**2 - 13*p - 58. Give k(-3).
404
Let q(j) = 183*j + 71. Determine q(2).
437
Let f(q) = -2*q**3 + 7*q**2 - 18*q + 23. What is f(3)?
-22
Let o(f) = 11*f - 306. Determine o(29).
13
Let r(x) = -143*x - 568. Give r(-4).
4
Let x(y) = 5*y - 320. Determine x(61).
-15
Let v(g) = -83*g + 818. What is v(13)?
-261
Let t(b) = 16*b - 7. Determine t(14).
217
Let v(i) = i**3 + 3*i**2 + 4*i - 6. Give v(-6).
-138
Let q(m) = -2*m**3 - 40*m**2 + 40*m - 31. Calculate q(-21).
11
Let c(x) = 8*x**2 + 414*x - 218. Give c(-53).
312
Let u(p) = -2*p**3 + 13*p**2 + 38*p - 47. Determine u(8).
65
Let o(p) = -170*p**2 + 147*p + 9. Determine o(1).
-14
Let y(v) = 75*v**2 + 1201*v + 35. Give y(-16).
19
Let r(a) = a**3 - 19*a**2 - 9*a + 473. Calculate r(18).
-13
Let z(g) = g**3 + 14*g**2 + 16*g + 154. What is z(-14)?
-70
Let p(f) = -f**3 - 22*f**2 - 62*f + 79. Calculate p(-18).
-101
Let a(l) = 7*l**2 - l + 27. What is a(5)?
197
Let v(d) = d**3 - 6*d**2 - 54*d + 11. Calculate v(10).
-129
Let j(q) = -47*q - 195. Give j(-10).
275
Let o(x) = 2*x**3 - 85*x**2 - 168*x + 13. Give o(-2).
-7
Let z(r) = 128*r + 1746. What is z(-15)?
-174
Let j(p) = -p**3 + 27*p**2 + 80*p + 241. Determine j(30).
-59
Let q(l) = -273*l + 948. Determine q(4).
-144
Let z(m) = -82*m - 646. Calculate z(-8).
10
Let b(j) = 2*j**2 + 83*j + 583. Give b(-9).
-2
Let a(z) = -327*z + 1305. Determine a(4).
-3
Let t(g) = -1109*g + 2217. Calculate t(2).
-1
Let t(u) = -u**3 + 60*u**2 + 257*u - 37. Calculate t(64).
27
Let g(i) = 122*i - 362. Give g(3).
4
Let v(m) = m**3 - 13*m**2 + 42*m - 220. Calculate v(11).
0
Let g(t) = -7*t - 623. Determine g(-72).
-119
Let y(k) = 2*k**2 + 4*k + 13. Give y(12).
349
Let y(l) = 1430*l + 10023. What is y(-7)?
13
Let p(z) = 2*z**3 - 89*z**2 + 959*z + 85. Determine p(26).
7
Let w(z) = -4*z**3 - 35*z**2 + 4*z + 4. What is w(-9)?
49
Let l(v) = -v + 21. What is l(62)?
-41
Let z(c) = 365*c + 9111. Calculate z(-25).
-14
Let v(t) = 3*t**2 - 3*t + 52. Give v(5).
112
Let r(c) = -c**3 - 21*c**2 - 33*c + 56. Give r(-19).
-39
Let o(y) = -350*y + 4199. Calculate o(12).
-1
Let f(j) = 12*j + 64. What is f(-4)?
16
Let a(b) = b**3 + 5*b**2 - 3. Calculate a(-4).
13
Let p(h) = h**3 + 58*h**2 - 57*h + 127. What is p(-59)?
9
Let p(j) = -j**3 + 498*j**2 + 2010*j - 1. Give p(-4).
-9
Let c(b) = 86*b + 342. Determine c(-4).
-2
Let k(l) = l**2 - 33*l + 168. Calculate k(28).
28
Let u(z) = -21*z - 32. Give u(-2).
10
Let a(z) = 31*z**2 + 6*z + 5. Calculate a(2).
141
Let d(k) = k**2 - 374*k - 1509. Give d(-4).
3
Let b(g) = 12*g + 1586. Determine b(-131).
14
Let v(n) = -35*n**2 + 736*n - 8. Calculate v(21).
13
Let v(f) = -5*f**3 - 76*f**2 - 15*f + 31. Calculate v(-15).
31
Let u(l) = 956*l - 11. Give u(0).
-11
Let g(i) = 3*i**3 - 193*i**2 + 60*i + 274. Determine g(64).
18
Let c(g) = -g**3 - 23*g**2 + 289*g - 13. Give c(9).
-4
Let i(z) = z**2 - 28*z - 37. Calculate i(26).
-89
Let h(j) = -4*j**3 - 49*j**2 - 81*j - 283. Determine h(-11).
3
Let t(u) = -4*u**3 + u**2 - u + 14. Give t(0).
14
Let v(h) = 3475*h + 118152. Give v(-34).
2
Let i(k) = -k**3 + 93*k**2 - 431*k - 790. What is i(88)?
2
Let g(o) = -20*o + 49. What is g(-2)?
89
Let p(k) = -402*k + 1622. Calculate p(4).
14
Let h(y) = -6*y**3 - 10*y**2 + 2*y. Give h(-3).
66
Let k(a) = a**2 - 159*a + 3668. Determine k(28).
0
Let u(j) = -204*j + 393. What is u(2)?
-15
Let p(h) = 92*h**3 + 3*h**2 + 6*h + 4. What is p(-1)?
-91
Let l(c) = c**3 + c**2 - c - 19. What is l(-4)?
-63
Let g(v) = -v**3 + v**2 - 16*v - 48. Determine g(0).
-48
Let q(w) = 2*w**3 + 23*w**2 - 15*w - 38. What is q(-12)?
-2
Let g(f) = -78*f - 16546. What is g(-212)?
-10
Let g(d) = -21*d + 63. What is g(-31)?
714
Let p(m) = -m**3 - 181*m**2 + 568*m + 2940. Calculate p(-184).
-4
Let u(p) = p**3 - 41*p**2 + 37*p + 87. Determine u(40).
-33
Let f(i) = 2*i**3 - 12*i**2 - 21*i + 53. Give f(7).
4
Let o(g) = 5*g**3 - 21*g**2 + g + 27. Give o(5).
132
Let z(h) = 8*h**2 + 424*h - 1. What is z(-53)?
-1
Let w(g) = -g**2 + 13*g. Give w(7).
42
Let a(m) = 58*m + 708. Give a(-13).
-46
Let v(a) = 74*a + 1754. What is v(-24)?
-22
Let u(y) = 56*y + 1011. Determine u(-18).
3
Let x(l) = -l**3 + 62*l**2 + 196*l - 67. Calculate x(65).
-2
Let i(w) = 8*w + 32. Calculate i(0).
32
Let z(j) = -6*j**2 + 123*j + 759. Determine z(-5).
-6
Let c(v) = -v**3 - 38*v**2 - 305*v - 34. Determine c(-12).
-118
Let y(l) = l**2 + 59*l - 2571. What is y(-88)?
-19
Let v(d) = d**2 + 23*d + 41. Determine v(-21).
-1
Let m(t) = -17223*t - 137785. Give m(-8).
-1
Let f(o) = -o**3 - o**2 + 11*o + 83. Calculate f(-7).
300
Let x(m) = 2*m**3 - 73*m**2 + 433*m + 10. Determine x(29).
-48
Let h(f) = -232*f**3 + f**2 + 2*f - 2. Calculate h(1).
-231
Let y(j) = -5772*j + 34635. Calculate y(6).
3
Let c(m) = -m**2 + 13*m + 234. Determine c(26).
-104
Let q(k) = -228*k + 686. Determine q(3).
2
Let y(l) = 1987*l + 25820. Determine y(-13).
-11
Let x(y) = y**2 - 64*y + 461. Calculate x(9).
-34
Let r(m) = -2*m**2 + 725*m + 11. Give r(0).
11
Let w(y) = -176*y + 530. What is w(3)?
2
Let j(k) = 10*k**2 - 271*k + 505. What is j(2)?
3
Let p(a) = -14*a - 74. Give p(-9).
52
Let u(v) = 2738*v - 65714. Determine u(24).
-2
Let g(s) = 3*s**2 - 13*s + 56. What is g(6)?
86
Let i(f) = -f**3 - 14*f**2 - 941*f - 8064. Determine i(-9).
0
Let k(s) = -2*s**3 - 18*s**2 - 25*s + 16. Calculate k(-7).
-5
Let z(a) = a**3 - 31*a**2 + 242*a - 39. What is z(16)?
-7
Let r(l) = -l**2 + 34*l - 103. Give r(25).
122
Let a(c) = c**3 - 10*c**2 - 269*c + 105. Calculate a(22).
-5
Let p(c) = c**3 + 3*c**2 + 2*c - 6. Give p(-4).
-30
Let a(d) = 2*d**3 - 66*d**2 + 65*d - 23. Calculate a(32).
9
Let t(w) = w**2 - 28*w - 836. Determine t(-18).
-8
Let k(y) = 4*y - 89. Determine k(9).
-53
Let w(x) = 35*x - 489. What is w(12)?
-69
Let s(o) = o**3 - 13*o**2 - 19*o - 6. Give s(14).
-76
Let f(i) = 18*i - 40. Determine f(3).
14
Let p(l) = -667*l + 2164. Determine p(3).
163
Let i(v) = 13*v**2 + 259*v - 25. Calculate i(-20).
-5
Let b(k) = 11*k - 253. Calculate b(9).
-154
Let d(p) = p**2 + 14*p - 4438. What is d(-74)?
2
Let c(w) = -23*w**2 - 945*w - 60. What is c(-41)?
22
Let j(u) = u**3 + 111*u**2 + 39*u + 4337. What is j(-111)?
8
Let i(q) = 15821*q - 94946. Calculate i(6).
-20
Let v(s) = s**2 - 34*s - 10121. Determine v(119).
-6
Let q(x) = -128*x**3 + 2*x**2 + 3*x + 4. Give q(-1).
131
Let l(j) = 10*j**2 - 128*j - 84. Give l(14).
84
Let a(w) = 2*w**3 - 19*w**2 - 10*w + 42. What is a(10)?
42
Let c(o) = -13*o**2 - 1299*o + 122. Determine c(-100).
22
Let i(h) = -h**2 + 26*h - 219. Give i(15).
-54
Let w(o) = o**2 + 34426*o - 68854. Determine w(2).
2
Let f(a) = 23*a + 307. What is f(-13)?
8
Let f(a) = -a**3 - 6*a**2 - 28*a - 297. Calculate f(-11).
616
Let v(t) = -1884*t + 1890. Calculate v(1).
6
Let p(n) = -143*n + 268. What is p(2)?
-18
Let z(g) = -g**2 - 19*g + 978. What is z(-42)?
12
Let q(w) = 6*w - 304. What is q(39)?
-70
Let j(p) = 7*p**3 - 94*p**2 - 157*p + 1414. What is j(14)?
0
Let l(q) = q**2 + 14*q + 13. Give l(-8).
-35
Let w(r) = -2*r**2 + 8862*r - 8861. Give w(1).
-1
Let r(q) = q**2 - 4*q - 10598. Give r(-101).
7
Let x(d) = 825*d + 22. What is x(-1)?
-803
Let r(n) = n**2 - 173*n + 6489. Determine r(118).
-1
Let s(m) = 4*m**2 - 26*m - 191. What is s(11)?
7
Let q(p) = 6*p**2 - 88*p + 786. Determine q(10).
506
Let r(j) = j**3 + 13*j**2 + 45*j + 80. Calculate r(-9).
-1
Let v(q) = -21*q**2 + 38*q - 1. Give v(0).
-1
Let k(n) = -4*n**2 + 44*n + 275. Determine k(-6).
-133
Let u(n) = n**3 + 14*n**2 - 18*n + 50. Give u(-15).
95
Let m(x) = x**2 + 53*x + 237. Calculate m(-5).
-3
Let m(y) = y**2 + 5938*y + 17805. Determine m(-3).
0
Let o(w) = -168*w + 1842. Calculate o(11).
-6
Let t(q) = q**3 + 14*q**2 + 30*q - 108. Determine t(-8).
36
Let c(t) = 123*t - 832. Calculate c(12).
644
Let q(v) = -227*v +